f b.
2, 11
Let k be 4*((-45)/(-12) - 2). Suppose h - k = 53. Suppose -2*z = -4*w + 12, 5*z = -4*w - 20 + h. List the prime factors of z.
2
Let f(q) = -q**3 + 2*q + 1. Let j be f(2). What are the prime factors of ((-222)/4*8/j)/2?
2, 37
Let n(i) = 4*i**2 - 10*i + 81. List the prime factors of n(8).
257
Let v(i) = -2*i + 8. Let h(w) = 4*w - 15. Let s(a) = -3*h(a) - 7*v(a). Let o be s(10). Let n = o + 30. List the prime factors of n.
3, 13
Let k = -62 - -64. Suppose 0 = -4*v + r + 42, k*r = -2*v - 5 + 21. List the prime factors of v.
2, 5
Let u = -169 + 109. Let c = 87 + u. Suppose -2*v + c = -v. List the prime factors of v.
3
Let d(s) = -s**3 + 5*s**2 - 3*s - 2. Suppose 15 = 2*i + 7. Let q be d(i). Suppose -4*m - 4*o + 84 = 0, q*m = 4*m - o - 51. What are the prime factors of m?
2, 3
Let w = 26 - 23. Suppose 4 = 4*o, 0 = -w*l + 4*o - 2 + 361. List the prime factors of l.
11
Suppose z + f - 916 = 0, 265 + 1588 = 2*z - 5*f. What are the prime factors of z?
919
Let q(z) = z**2 - 5*z - 9. Let y(j) = j**3 + j**2 - j + 10. Let t be y(0). What are the prime factors of q(t)?
41
Let s(f) = 5*f**3 - 3*f**2 - f - 4. Let j be s(3). Suppose j = 7*t - 172. What are the prime factors of t?
3, 13
What are the prime factors of 413 + -37 + (10 - 1)?
5, 7, 11
Let u = -33 + 66. Suppose -34*n = 6*n - 3600. Suppose 0 = -5*b - 3*m - 2*m + n, 0 = 2*b - m - u. What are the prime factors of b?
17
Suppose -4*j = 5*w - 2*w - 8, -2*j + 4 = w. Suppose -4*h + 6 + j = 0. Suppose q - 20 - h = 0. List the prime factors of q.
2, 11
Let x(t) = t**3 + 6*t**2 - 3*t - 15. Let z be x(-6). Suppose -32 = -2*j - z*l, 5*j + 0*l - 80 = 2*l. List the prime factors of j.
2
Suppose 9*l = 53 + 37. Suppose -3*y - 6 = -a + 3*a, -4*y - l = 2*a. What are the prime factors of a?
3
Let d be -59 - ((-2)/(-5))/(8/(-40)). What are the prime factors of (-12)/(-8) + d/(-6)?
11
Let a(f) = f**3 + 5*f**2 - 7*f - 4. Let p be a(-6). Suppose 0*m - 3 = x + p*m, x - 9 = 2*m. What are the prime factors of x?
3
Let y = 1797 + -1049. List the prime factors of y.
2, 11, 17
Suppose -24*t + 6250 - 154 = 0. List the prime factors of t.
2, 127
What are the prime factors of (-6)/6*8 - -4552?
2, 71
Suppose -w + 1833 = 2*v, 0 = -w + 5*w - 4*v - 7296. What are the prime factors of w?
3, 7, 29
Suppose 5*o + 4*w = 213, -4*o - 6*w + 174 = -w. Suppose -2*z - 6 = 4*d, 2*z + 3 = z. Suppose -n + d*n = -i - o, -2*n = 2*i - 98. List the prime factors of n.
3, 5
Suppose 3*b + 66 = -b + 5*o, 3*b - 2*o + 46 = 0. Let y be (-2)/b - 65/(-35). List the prime factors of y/(-9) + 1045/45.
23
Let i(l) = -15*l**3 - l**2. Let k be -3*(-1)/((-3)/(-5)). Suppose -k + 3 = 2*c. What are the prime factors of i(c)?
2, 7
Let a be (-2)/(2/(-7)*(-7)/(-3)). Let l(o) = 18*o**2 + 4*o - 4. List the prime factors of l(a).
2, 5, 17
Let p be 0/((11 - -1)/(-4)). Suppose p = 2*k + 5 - 47. List the prime factors of k.
3, 7
Suppose 0 = -3*u + 208 + 620. What are the prime factors of u?
2, 3, 23
Suppose -2*j - u + 48 = 3*u, 5*u + 31 = j. Let d = 2 + j. What are the prime factors of d?
2, 7
Let n be 100249/153 - (-4)/(-18). Suppose -4*q = -o - 0*o - n, 2*q - 2*o - 320 = 0. What are the prime factors of q?
3, 5, 11
Let j(r) = 2*r**2 - 2*r + 6. Let c be (4 + -16)/4 - -6. List the prime factors of j(c).
2, 3
Suppose -2*p + 4*p = 24. Let j be 4/(p/(-57)) - 2. List the prime factors of (-8)/(-28) - 57/j.
3
Suppose -3*c + r + 10492 = 0, 4*c - r - 12717 - 1272 = 0. List the prime factors of c.
13, 269
Let p(d) = 314*d - 849. What are the prime factors of p(21)?
3, 5, 383
List the prime factors of ((-700)/15)/(12/(-18)).
2, 5, 7
Let u(m) = 1 + 2 + 3 + 9 + m. Let r be u(-12). Suppose 4*h - r = -c + 3*h, -4*c + 33 = -3*h. List the prime factors of c.
2, 3
Let t = 40 - -20. Suppose k = 4*k + t. Let f = k + 38. List the prime factors of f.
2, 3
Let c = 428 + -192. List the prime factors of c.
2, 59
Let m = -711 - -1211. What are the prime factors of m?
2, 5
Let i be 203 - (-2 + -2 + 7). Suppose t - u + 0*u - i = 0, 3*t - 600 = -u. What are the prime factors of t?
2, 5
Let h(o) = 11*o. Let t be h(1). Let m = t - 13. Let p = m - -4. What are the prime factors of p?
2
Let t(f) be the third derivative of 5/12*f**4 + 5*f**2 + 0*f - 5/3*f**3 + 0. List the prime factors of t(3).
2, 5
What are the prime factors of (-492965)/(-165) - (-3)/9?
2, 3, 83
Let y = -118 + 303. Suppose -y + 5 = -5*m. List the prime factors of m.
2, 3
Let c = -319 + 606. What are the prime factors of c?
7, 41
Suppose b + 2650 = r - 3*b, -10 = 5*b. List the prime factors of r.
2, 1321
List the prime factors of (-3310)/(-38) - (-2)/(-19).
3, 29
Let x(w) = -15*w - 135. Let d be x(-9). Let j be 1/3 + 1752/9. Suppose -5*r + j = -d*r. What are the prime factors of r?
3, 13
Let p = -385 + 1855. What are the prime factors of p?
2, 3, 5, 7
Let y be 1 + (-8)/6 - (-20)/6. Suppose -235 = -y*q + i, 2*q - i - 134 = -6*i. What are the prime factors of q?
7, 11
Let c(m) = -38*m**3 + 5*m**3 - 3*m**2 + 4*m**3 + 10*m**3 - 2*m. Let h(l) = l - 12. Let d be h(11). List the prime factors of c(d).
2, 3
Suppose 20*z + 54 = 21*z. Suppose 0 = s - 2*t - 2*t + 15, 2*s + z = 2*t. Let y = s + 89. What are the prime factors of y?
2, 29
Let l(r) = -10*r - 11. Let s be l(-9). Suppose 3*m + 289 = s. What are the prime factors of (-4)/(16/12) - m?
67
Let q = -24 + 26. Suppose 0 = q*z + 6*z - 1216. List the prime factors of z.
2, 19
Suppose 0 = -0*b + 20*b - 80340. What are the prime factors of b?
3, 13, 103
Suppose -2*n + 1540 = h, -2*n - 1973 = -3*h + 2623. List the prime factors of h.
2, 13, 59
Suppose 0 = -3*t + 6. Suppose -3*g - 6 = 2*k - 0*k, 5*k + 4 = -t*g. List the prime factors of g/7 + 594/21.
2, 7
Suppose 0 = -2*f - 4*d + 164, 5*d = 21 - 1. List the prime factors of f.
2, 37
Let g be (19/4)/(-1) - 15/60. Let u(v) = 5*v**2 + 17*v + 3. What are the prime factors of u(g)?
43
Let j(d) = 24*d + 2. Let m = 7 + -3. Suppose m*s - 3*i = -i, 3*s - i = 1. What are the prime factors of j(s)?
2, 13
Let y(q) = -q**3 - 10*q**2 - 15*q + 3. Let r be y(-8). List the prime factors of (1 - (-10)/r) + 82.
3
Let x be (-12)/(-20) - (-366)/(-10). Let a be (61 - 2)*1/1. Let o = a + x. What are the prime factors of o?
23
Let f(l) = 40*l + 19. List the prime factors of f(10).
419
Let i(q) = 228*q - 149. What are the prime factors of i(2)?
307
Suppose 2*y - 1 = -5*t + 14, 9 = -3*y + 3*t. Suppose 3*a - 106 = 2*k, y = -5*a - 0*k + 5*k + 175. List the prime factors of a.
2, 3
Suppose -4*y + 5*y = -10. Suppose 0 = 4*x - w - 69, -w = 5*x - 46 - 47. Let q = x + y. List the prime factors of q.
2
What are the prime factors of 86 + -2 + 3 + -2?
5, 17
Let m = -75 - -120. Let i(h) = -4*h + h**2 + 3*h + 26 - 11 + m. What are the prime factors of i(0)?
2, 3, 5
Suppose -31 = 3*m - r - 172, -3*m = 3*r - 153. Suppose 4*x + 3*d - m = 0, -3*x - 2*d + 6 = -31. What are the prime factors of x?
3, 5
Let h(x) = x**3 + 31*x**2 + 37*x + 20. List the prime factors of h(-28).
2, 167
Suppose -6*g + 9*g + 4*m = 854, -4*g + 5*m + 1087 = 0. What are the prime factors of g?
2, 139
Let n be (-6)/9 + (-11)/(-3). Suppose -4*r - 5*f + 601 = 0, -3*r - n*f = f - 452. List the prime factors of r.
2, 3
Let c(r) = 86*r**2 - 1 - 7*r**2 - 2 + 10*r - 13*r. List the prime factors of c(-1).
79
Let c(i) be the first derivative of -2*i**4 + i**3/3 - i**2/2 + 2*i + 4. Let n be c(2). Let s = 85 + n. What are the prime factors of s?
5
Let m = -281 - -422. What are the prime factors of m?
3, 47
Let x be 0 + -1 + (23 - 9402). List the prime factors of x/201*-2*6/4.
2, 5, 7
Let o = 175 - 378. Let b = -137 - o. What are the prime factors of b?
2, 3, 11
Let o(h) = 10*h**2 + 29*h + 3. Let s(w) = w**3 - 9*w**2 + 5*w + 19. Let f be s(8). What are the prime factors of o(f)?
2, 3
Let c(o) = 0*o**2 - o**3 + 6*o**2 + 8*o + 5*o**2 - 5*o. What are the prime factors of c(11)?
3, 11
Let h(q) = -43*q + 5. Let z be h(-9). Let t = z + -270. List the prime factors of t.
2, 61
Suppose 18*v - 3024 = 15*v. What are the prime factors of v?
2, 3, 7
What are the prime factors of (3704/(-20))/((-1)/5)?
2, 463
Let r = 1269 - 352. What are the prime factors of r?
7, 131
Suppose 2*u = 3*v + 1620, -4*u + 2*u + 1622 = -2*v. List the prime factors of u.
3, 271
Let q = 0 + 5. Suppose -400 = -4*z + 2*u, -q*z - 5*u = -233 - 237. Suppose -224 = -